{"id":402,"date":"2021-04-08T14:17:05","date_gmt":"2021-04-08T14:17:05","guid":{"rendered":"https:\/\/arcservice.it\/?page_id=402"},"modified":"2021-04-13T13:45:13","modified_gmt":"2021-04-13T13:45:13","slug":"condizionamento","status":"publish","type":"page","link":"https:\/\/arcservice.it\/index.php\/condizionamento\/","title":{"rendered":"Condizionamento"},"content":{"rendered":"\t\t<div data-elementor-type=\"wp-page\" data-elementor-id=\"402\" class=\"elementor elementor-402\" data-elementor-settings=\"[]\">\n\t\t\t\t\t\t\t<div class=\"elementor-section-wrap\">\n\t\t\t\t\t\t\t<section class=\"elementor-section elementor-top-section elementor-element elementor-element-5593ae7f elementor-section-full_width elementor-section-content-middle ct-section-stretched elementor-section-height-default elementor-section-height-default\" data-id=\"5593ae7f\" data-element_type=\"section\" data-settings=\"{&quot;background_background&quot;:&quot;classic&quot;}\">\n\t\t\t\t\t\t\t<div class=\"elementor-background-overlay\"><\/div>\n\t\t\t\t\t\t\t<div class=\"elementor-container elementor-column-gap-default\">\n\t\t\t\t\t<div class=\"elementor-column elementor-col-100 elementor-top-column elementor-element elementor-element-54ec5d70\" data-id=\"54ec5d70\" data-element_type=\"column\">\n\t\t\t<div class=\"elementor-widget-wrap elementor-element-populated\">\n\t\t\t\t\t\t\t\t<div class=\"elementor-element elementor-element-4ef61bc9 elementor-widget elementor-widget-heading\" data-id=\"4ef61bc9\" data-element_type=\"widget\" data-widget_type=\"heading.default\">\n\t\t\t\t<div class=\"elementor-widget-container\">\n\t\t\t<h2 class=\"elementor-heading-title elementor-size-large\">Condizionamento<\/h2>\t\t<\/div>\n\t\t\t\t<\/div>\n\t\t\t\t<div class=\"elementor-element elementor-element-60e10aa elementor-widget elementor-widget-text-editor\" data-id=\"60e10aa\" data-element_type=\"widget\" data-widget_type=\"text-editor.default\">\n\t\t\t\t<div class=\"elementor-widget-container\">\n\t\t\t\t\t\t\t\t<p>Spilt a parete, Refrigeratori, Pompe di calore<\/p>\t\t\t\t\t\t<\/div>\n\t\t\t\t<\/div>\n\t\t\t\t\t<\/div>\n\t\t<\/div>\n\t\t\t\t\t\t\t<\/div>\n\t\t<\/section>\n\t\t\t\t<section class=\"elementor-section elementor-top-section elementor-element elementor-element-2664d3e elementor-section-boxed elementor-section-height-default elementor-section-height-default\" data-id=\"2664d3e\" data-element_type=\"section\">\n\t\t\t\t\t\t<div class=\"elementor-container elementor-column-gap-default\">\n\t\t\t\t\t<div class=\"elementor-column elementor-col-100 elementor-top-column elementor-element elementor-element-d61f73c\" data-id=\"d61f73c\" data-element_type=\"column\">\n\t\t\t<div class=\"elementor-widget-wrap elementor-element-populated\">\n\t\t\t\t\t\t\t\t<div class=\"elementor-element elementor-element-c9e9be7 elementor-widget elementor-widget-spacer\" data-id=\"c9e9be7\" data-element_type=\"widget\" data-widget_type=\"spacer.default\">\n\t\t\t\t<div class=\"elementor-widget-container\">\n\t\t\t\t\t<div class=\"elementor-spacer\">\n\t\t\t<div class=\"elementor-spacer-inner\"><\/div>\n\t\t<\/div>\n\t\t\t\t<\/div>\n\t\t\t\t<\/div>\n\t\t\t\t\t<\/div>\n\t\t<\/div>\n\t\t\t\t\t\t\t<\/div>\n\t\t<\/section>\n\t\t\t\t<section class=\"elementor-section elementor-top-section elementor-element elementor-element-0fe6f80 elementor-section-boxed elementor-section-height-default elementor-section-height-default\" data-id=\"0fe6f80\" data-element_type=\"section\">\n\t\t\t\t\t\t<div class=\"elementor-container elementor-column-gap-default\">\n\t\t\t\t\t<div class=\"elementor-column elementor-col-100 elementor-top-column elementor-element elementor-element-53e3eb7\" data-id=\"53e3eb7\" data-element_type=\"column\">\n\t\t\t<div class=\"elementor-widget-wrap elementor-element-populated\">\n\t\t\t\t\t\t\t\t<div class=\"elementor-element elementor-element-2a11b63 elementor-widget elementor-widget-heading\" data-id=\"2a11b63\" data-element_type=\"widget\" data-widget_type=\"heading.default\">\n\t\t\t\t<div class=\"elementor-widget-container\">\n\t\t\t<h2 class=\"elementor-heading-title elementor-size-default\"><h3 class=\"elementor-heading-title elementor-size-large elementor-inline-editing pen\" data-elementor-setting-key=\"title\" data-pen-placeholder=\"Digita qui...\" style=\"--fontWeight:700; --fontSize:30px; --lineHeight:1.5; font-size: 35px; text-align: center; color: rgb(67, 64, 62); font-family: -apple-system, BlinkMacSystemFont, &quot;Segoe UI&quot;, Roboto, Helvetica, Arial, sans-serif, &quot;Apple Color Emoji&quot;, &quot;Segoe UI Emoji&quot;, &quot;Segoe UI Symbol&quot;; font-weight: 700; font-style: normal; letter-spacing: normal; text-transform: none; text-decoration-thickness: initial; text-decoration-style: initial; text-decoration-color: initial;\">Garantiamo assistenza e manutenzione per il vostro impianto<\/h3><\/h2>\t\t<\/div>\n\t\t\t\t<\/div>\n\t\t\t\t\t<\/div>\n\t\t<\/div>\n\t\t\t\t\t\t\t<\/div>\n\t\t<\/section>\n\t\t\t\t<section class=\"elementor-section elementor-top-section elementor-element elementor-element-c4f2601 elementor-section-boxed elementor-section-height-default elementor-section-height-default\" data-id=\"c4f2601\" data-element_type=\"section\">\n\t\t\t\t\t\t<div class=\"elementor-container elementor-column-gap-default\">\n\t\t\t\t\t<div class=\"elementor-column elementor-col-100 elementor-top-column elementor-element elementor-element-623b517\" data-id=\"623b517\" data-element_type=\"column\">\n\t\t\t<div class=\"elementor-widget-wrap elementor-element-populated\">\n\t\t\t\t\t\t\t\t<div class=\"elementor-element elementor-element-10715fa elementor-widget-divider--view-line elementor-widget elementor-widget-divider\" data-id=\"10715fa\" data-element_type=\"widget\" data-widget_type=\"divider.default\">\n\t\t\t\t<div class=\"elementor-widget-container\">\n\t\t\t\t\t<div class=\"elementor-divider\">\n\t\t\t<span class=\"elementor-divider-separator\">\n\t\t\t\t\t\t<\/span>\n\t\t<\/div>\n\t\t\t\t<\/div>\n\t\t\t\t<\/div>\n\t\t\t\t\t<\/div>\n\t\t<\/div>\n\t\t\t\t\t\t\t<\/div>\n\t\t<\/section>\n\t\t\t\t<section class=\"elementor-section elementor-top-section elementor-element elementor-element-3dbcc6a0 elementor-section-content-middle ct-section-stretched elementor-section-full_width elementor-section-height-default elementor-section-height-default\" data-id=\"3dbcc6a0\" data-element_type=\"section\">\n\t\t\t\t\t\t<div class=\"elementor-container elementor-column-gap-no\">\n\t\t\t\t\t<div class=\"elementor-column elementor-col-50 elementor-top-column elementor-element elementor-element-56b4f3ad\" data-id=\"56b4f3ad\" data-element_type=\"column\" data-settings=\"{&quot;background_background&quot;:&quot;classic&quot;}\">\n\t\t\t<div class=\"elementor-widget-wrap elementor-element-populated\">\n\t\t\t\t\t\t\t\t<div class=\"elementor-element elementor-element-4cf3356c elementor-widget elementor-widget-heading\" data-id=\"4cf3356c\" data-element_type=\"widget\" data-widget_type=\"heading.default\">\n\t\t\t\t<div class=\"elementor-widget-container\">\n\t\t\t<h4 class=\"elementor-heading-title elementor-size-default\">Split a parete<\/h4>\t\t<\/div>\n\t\t\t\t<\/div>\n\t\t\t\t<div class=\"elementor-element elementor-element-cd0a620 elementor-widget elementor-widget-text-editor\" data-id=\"cd0a620\" data-element_type=\"widget\" data-widget_type=\"text-editor.default\">\n\t\t\t\t<div class=\"elementor-widget-container\">\n\t\t\t\t\t\t\t\t<p>A.R.C. Service \u00e8 un centro assistenza autorizzato per numerosi climatizzatori di marchi come Riello, Emmeti, Toshiba e molti altri. L&#8217;impianto di aria condizionata ha lo scopo di migliorare la temperatura di un&#8217;abitazione e le condizioni di comfort abitativo per i suoi abitanti.<\/p><p>Perch\u00e8 ci\u00f2 sia possibile \u00e8 fondamentale posizionare lo split nella maniera corretta ed orientarlo in modo tale che non produca un effetto fastidioso. Ogni split deve essere collegato a un canale di scolo della condensa e quindi bisogna installarlo in modo sia in posizione pi\u00f9 alta rispetto al motore, dove il canale stesso confluisce.\u00a0<span style=\"font-family: var(--fontFamily); font-size: inherit; font-style: var(--fontStyle, inherit); font-weight: var(--fontWeight); letter-spacing: var(--letterSpacing); text-align: inherit; text-transform: var(--textTransform);\">Il nostro organico \u00e8 qualificato per eseguire lavori di manutenzione e pronto intervento per numerose tipologie di impianti di condizionamento. I nostri collaboratori inoltre saranno in grado di consigli utili nella scelta dell&#8217;assetto migliore per la vostra casa, indicandovi le soluzioni pi\u00f9 adatte alle vostre esigenze.<\/span><\/p>\t\t\t\t\t\t<\/div>\n\t\t\t\t<\/div>\n\t\t\t\t\t<\/div>\n\t\t<\/div>\n\t\t\t\t<div class=\"elementor-column elementor-col-50 elementor-top-column elementor-element elementor-element-15ef6c9d\" data-id=\"15ef6c9d\" data-element_type=\"column\">\n\t\t\t<div class=\"elementor-widget-wrap elementor-element-populated\">\n\t\t\t\t\t\t\t\t<div class=\"elementor-element elementor-element-85e8044 elementor-pagination-position-outside elementor-invisible elementor-widget elementor-widget-image-carousel\" data-id=\"85e8044\" data-element_type=\"widget\" data-settings=\"{&quot;slides_to_show&quot;:&quot;1&quot;,&quot;navigation&quot;:&quot;dots&quot;,&quot;_animation&quot;:&quot;fadeIn&quot;,&quot;autoplay&quot;:&quot;yes&quot;,&quot;pause_on_hover&quot;:&quot;yes&quot;,&quot;pause_on_interaction&quot;:&quot;yes&quot;,&quot;autoplay_speed&quot;:5000,&quot;infinite&quot;:&quot;yes&quot;,&quot;effect&quot;:&quot;slide&quot;,&quot;speed&quot;:500}\" data-widget_type=\"image-carousel.default\">\n\t\t\t\t<div class=\"elementor-widget-container\">\n\t\t\t\t\t<div class=\"elementor-image-carousel-wrapper swiper-container\" dir=\"ltr\">\n\t\t\t<div class=\"elementor-image-carousel swiper-wrapper\">\n\t\t\t\t<div class=\"swiper-slide\"><figure class=\"swiper-slide-inner\"><img decoding=\"async\" class=\"swiper-slide-image\" src=\"https:\/\/arcservice.it\/wp-content\/uploads\/2021\/04\/Toshiba-Air-Con-1-768x540.png\" alt=\"Toshiba-Air-Con\" \/><\/figure><\/div><div class=\"swiper-slide\"><figure class=\"swiper-slide-inner\"><img decoding=\"async\" class=\"swiper-slide-image\" src=\"https:\/\/arcservice.it\/wp-content\/uploads\/2021\/04\/j_59502_01_2_2_1_2_1_2_2.jpg\" alt=\"j_59502_01_2_2_1_2_1_2_2\" \/><\/figure><\/div>\t\t\t<\/div>\n\t\t\t\t\t\t\t\t\t\t\t\t<div class=\"swiper-pagination\"><\/div>\n\t\t\t\t\t\t\t\t\t\t\t\t\t<\/div>\n\t\t\t\t<\/div>\n\t\t\t\t<\/div>\n\t\t\t\t\t<\/div>\n\t\t<\/div>\n\t\t\t\t\t\t\t<\/div>\n\t\t<\/section>\n\t\t\t\t<section class=\"elementor-section elementor-top-section elementor-element elementor-element-6ce546e elementor-section-content-middle ct-section-stretched elementor-section-full_width elementor-section-height-default elementor-section-height-default\" data-id=\"6ce546e\" data-element_type=\"section\">\n\t\t\t\t\t\t<div class=\"elementor-container elementor-column-gap-no\">\n\t\t\t\t\t<div class=\"elementor-column elementor-col-50 elementor-top-column elementor-element elementor-element-fd2cabb\" data-id=\"fd2cabb\" data-element_type=\"column\">\n\t\t\t<div class=\"elementor-widget-wrap elementor-element-populated\">\n\t\t\t\t\t\t\t\t<div class=\"elementor-element elementor-element-5e822ca elementor-pagination-position-outside elementor-invisible elementor-widget elementor-widget-image-carousel\" data-id=\"5e822ca\" data-element_type=\"widget\" data-settings=\"{&quot;slides_to_show&quot;:&quot;1&quot;,&quot;navigation&quot;:&quot;dots&quot;,&quot;_animation&quot;:&quot;fadeInLeft&quot;,&quot;autoplay&quot;:&quot;yes&quot;,&quot;pause_on_hover&quot;:&quot;yes&quot;,&quot;pause_on_interaction&quot;:&quot;yes&quot;,&quot;autoplay_speed&quot;:5000,&quot;infinite&quot;:&quot;yes&quot;,&quot;effect&quot;:&quot;slide&quot;,&quot;speed&quot;:500}\" data-widget_type=\"image-carousel.default\">\n\t\t\t\t<div class=\"elementor-widget-container\">\n\t\t\t\t\t<div class=\"elementor-image-carousel-wrapper swiper-container\" dir=\"ltr\">\n\t\t\t<div class=\"elementor-image-carousel swiper-wrapper\">\n\t\t\t\t<div class=\"swiper-slide\"><figure class=\"swiper-slide-inner\"><img decoding=\"async\" class=\"swiper-slide-image\" src=\"https:\/\/arcservice.it\/wp-content\/uploads\/2021\/04\/Screenshot-541.png\" alt=\"Screenshot (541)\" \/><\/figure><\/div><div class=\"swiper-slide\"><figure class=\"swiper-slide-inner\"><img decoding=\"async\" class=\"swiper-slide-image\" src=\"https:\/\/arcservice.it\/wp-content\/uploads\/2021\/04\/Screenshot-542.png\" alt=\"Screenshot (542)\" \/><\/figure><\/div>\t\t\t<\/div>\n\t\t\t\t\t\t\t\t\t\t\t\t<div class=\"swiper-pagination\"><\/div>\n\t\t\t\t\t\t\t\t\t\t\t\t\t<\/div>\n\t\t\t\t<\/div>\n\t\t\t\t<\/div>\n\t\t\t\t\t<\/div>\n\t\t<\/div>\n\t\t\t\t<div class=\"elementor-column elementor-col-50 elementor-top-column elementor-element elementor-element-93a6534\" data-id=\"93a6534\" data-element_type=\"column\" data-settings=\"{&quot;background_background&quot;:&quot;classic&quot;}\">\n\t\t\t<div class=\"elementor-widget-wrap elementor-element-populated\">\n\t\t\t\t\t\t\t\t<div class=\"elementor-element elementor-element-7eeb224 elementor-widget elementor-widget-heading\" data-id=\"7eeb224\" data-element_type=\"widget\" data-widget_type=\"heading.default\">\n\t\t\t\t<div class=\"elementor-widget-container\">\n\t\t\t<h4 class=\"elementor-heading-title elementor-size-default\">Refrigeratori<\/h4>\t\t<\/div>\n\t\t\t\t<\/div>\n\t\t\t\t<div class=\"elementor-element elementor-element-955272f elementor-widget elementor-widget-text-editor\" data-id=\"955272f\" data-element_type=\"widget\" data-widget_type=\"text-editor.default\">\n\t\t\t\t<div class=\"elementor-widget-container\">\n\t\t\t\t\t\t\t\t<p>La nostra azienda si occupa di manutenzione, assistenza e grazie a collaboratori esterni, di installazione di impianti di refrigerazione industriali come chiller di raffreddamento e frigoriferi. Esistono diverse tipologie di chiller che possono variare a seconda dell&#8217;azienda produttrice e del modello del dispositivo: Queste macchine refrigeranti sono composte da una serie di macchinari separati che nel loro insieme, refrigerano gli ambienti. A causa di questa pluralit\u00e0, \u00e8 necessario che gli interventi su questi sistemi siano effettuati da personale esperto e qualificato. Il chiller in funzione riesce ad offrire un raffreddamento decisamente pi\u00f9 spinto e valido di ogni altra macchina refrigerante, assicurando il mantenimento del comfort abitativo degli ambienti di lavoro.<\/p>\t\t\t\t\t\t<\/div>\n\t\t\t\t<\/div>\n\t\t\t\t\t<\/div>\n\t\t<\/div>\n\t\t\t\t\t\t\t<\/div>\n\t\t<\/section>\n\t\t\t\t<section class=\"elementor-section elementor-top-section elementor-element elementor-element-0df72de elementor-section-content-middle ct-section-stretched elementor-section-full_width elementor-section-height-default elementor-section-height-default\" data-id=\"0df72de\" data-element_type=\"section\">\n\t\t\t\t\t\t<div class=\"elementor-container elementor-column-gap-no\">\n\t\t\t\t\t<div class=\"elementor-column elementor-col-50 elementor-top-column elementor-element elementor-element-3f974c2\" data-id=\"3f974c2\" data-element_type=\"column\" data-settings=\"{&quot;background_background&quot;:&quot;classic&quot;}\">\n\t\t\t<div class=\"elementor-widget-wrap elementor-element-populated\">\n\t\t\t\t\t\t\t\t<div class=\"elementor-element elementor-element-5eeb08d elementor-widget elementor-widget-heading\" data-id=\"5eeb08d\" data-element_type=\"widget\" data-widget_type=\"heading.default\">\n\t\t\t\t<div class=\"elementor-widget-container\">\n\t\t\t<h4 class=\"elementor-heading-title elementor-size-default\">Pompe di calore<\/h4>\t\t<\/div>\n\t\t\t\t<\/div>\n\t\t\t\t<div class=\"elementor-element elementor-element-1073d2e elementor-widget__width-auto elementor-widget elementor-widget-text-editor\" data-id=\"1073d2e\" data-element_type=\"widget\" data-widget_type=\"text-editor.default\">\n\t\t\t\t<div class=\"elementor-widget-container\">\n\t\t\t\t\t\t\t\t<p>La pompa di calore \u00e8 la soluzione ideale per soddisfare il fabbisogno di riscaldamento invernale e di climatizzazione estiva di un ambiente, garantendo il comfort abitativo e il benessere di coloro che ci vivono o lavorano: si tratta di una macchina in grado di trasferire energia\u00a0 da un ambiente a bassa temperatura a un sistema a temperatura pi\u00f9 elevata. Le pompe di calore sono inoltre una soluzione ecologica per il riscaldamento invernale, la produzione di acqua calda sanitaria e la climatizzazione estiva. Abbiamo messo a disposizione, in caso di impianto malfunzionante un servizio di pronto intervento rapido e tempestivo che ci consente di intervenire in tempi rapidi e ripristinare il funzionamento dei dispositivi. Con la collaborazione di tecnici installatori esterni ed interni, siamo in grado di fornirvi un servizio a 360\u00b0, dall&#8217;installazione degli impianti, alla manutenzione e alla pulizia ordinaria e programmata per soddisfare tutte le vostre esigenze.<\/p>\t\t\t\t\t\t<\/div>\n\t\t\t\t<\/div>\n\t\t\t\t\t<\/div>\n\t\t<\/div>\n\t\t\t\t<div class=\"elementor-column elementor-col-50 elementor-top-column elementor-element elementor-element-fd23cd6\" data-id=\"fd23cd6\" data-element_type=\"column\">\n\t\t\t<div class=\"elementor-widget-wrap elementor-element-populated\">\n\t\t\t\t\t\t\t\t<div class=\"elementor-element elementor-element-62ca639 elementor-invisible elementor-widget elementor-widget-image\" data-id=\"62ca639\" data-element_type=\"widget\" data-settings=\"{&quot;_animation&quot;:&quot;fadeInRight&quot;}\" data-widget_type=\"image.default\">\n\t\t\t\t<div class=\"elementor-widget-container\">\n\t\t\t\t\t\t\t\t\t\t\t\t\t\t\t<img loading=\"lazy\" decoding=\"async\" width=\"768\" height=\"553\" src=\"https:\/\/arcservice.it\/wp-content\/uploads\/2021\/04\/RIELLO_DOMUS-ES_outdoor-768x553.jpg\" class=\"attachment-medium_large size-medium_large\" alt=\"\" srcset=\"https:\/\/arcservice.it\/wp-content\/uploads\/2021\/04\/RIELLO_DOMUS-ES_outdoor-768x553.jpg 768w, https:\/\/arcservice.it\/wp-content\/uploads\/2021\/04\/RIELLO_DOMUS-ES_outdoor-300x216.jpg 300w, https:\/\/arcservice.it\/wp-content\/uploads\/2021\/04\/RIELLO_DOMUS-ES_outdoor-1024x737.jpg 1024w, https:\/\/arcservice.it\/wp-content\/uploads\/2021\/04\/RIELLO_DOMUS-ES_outdoor-1536x1105.jpg 1536w, https:\/\/arcservice.it\/wp-content\/uploads\/2021\/04\/RIELLO_DOMUS-ES_outdoor.jpg 2000w\" sizes=\"auto, (max-width: 768px) 100vw, 768px\" \/>\t\t\t\t\t\t\t\t\t\t\t\t\t\t\t<\/div>\n\t\t\t\t<\/div>\n\t\t\t\t\t<\/div>\n\t\t<\/div>\n\t\t\t\t\t\t\t<\/div>\n\t\t<\/section>\n\t\t\t\t<section class=\"elementor-section elementor-top-section elementor-element elementor-element-2e0d27e9 ct-section-stretched elementor-section-boxed elementor-section-height-default elementor-section-height-default\" data-id=\"2e0d27e9\" data-element_type=\"section\" data-settings=\"{&quot;background_background&quot;:&quot;classic&quot;}\">\n\t\t\t\t\t\t\t<div class=\"elementor-background-overlay\"><\/div>\n\t\t\t\t\t\t\t<div class=\"elementor-container elementor-column-gap-default\">\n\t\t\t\t\t<div class=\"elementor-column elementor-col-100 elementor-top-column elementor-element elementor-element-8fbacf8\" data-id=\"8fbacf8\" data-element_type=\"column\">\n\t\t\t<div class=\"elementor-widget-wrap elementor-element-populated\">\n\t\t\t\t\t\t\t\t<div class=\"elementor-element elementor-element-9581db9 elementor-widget elementor-widget-spacer\" data-id=\"9581db9\" data-element_type=\"widget\" data-widget_type=\"spacer.default\">\n\t\t\t\t<div class=\"elementor-widget-container\">\n\t\t\t\t\t<div class=\"elementor-spacer\">\n\t\t\t<div class=\"elementor-spacer-inner\"><\/div>\n\t\t<\/div>\n\t\t\t\t<\/div>\n\t\t\t\t<\/div>\n\t\t\t\t<div class=\"elementor-element elementor-element-68293fb6 elementor-widget elementor-widget-text-editor\" data-id=\"68293fb6\" data-element_type=\"widget\" data-widget_type=\"text-editor.default\">\n\t\t\t\t<div class=\"elementor-widget-container\">\n\t\t\t\t\t\t\t\t<p>Servizio rapido e tempestivo per ripristinare il funzionamento dei tuoi dispositivi<\/p>\t\t\t\t\t\t<\/div>\n\t\t\t\t<\/div>\n\t\t\t\t\t<\/div>\n\t\t<\/div>\n\t\t\t\t\t\t\t<\/div>\n\t\t<\/section>\n\t\t\t\t<section class=\"elementor-section elementor-top-section elementor-element elementor-element-5218b38 elementor-section-boxed elementor-section-height-default elementor-section-height-default\" data-id=\"5218b38\" data-element_type=\"section\">\n\t\t\t\t\t\t<div class=\"elementor-container elementor-column-gap-default\">\n\t\t\t\t\t<div class=\"elementor-column elementor-col-100 elementor-top-column elementor-element elementor-element-9ede0a9\" data-id=\"9ede0a9\" data-element_type=\"column\">\n\t\t\t<div class=\"elementor-widget-wrap elementor-element-populated\">\n\t\t\t\t\t\t\t\t<div class=\"elementor-element elementor-element-cfce22d elementor-widget elementor-widget-spacer\" data-id=\"cfce22d\" data-element_type=\"widget\" data-widget_type=\"spacer.default\">\n\t\t\t\t<div class=\"elementor-widget-container\">\n\t\t\t\t\t<div class=\"elementor-spacer\">\n\t\t\t<div class=\"elementor-spacer-inner\"><\/div>\n\t\t<\/div>\n\t\t\t\t<\/div>\n\t\t\t\t<\/div>\n\t\t\t\t\t<\/div>\n\t\t<\/div>\n\t\t\t\t\t\t\t<\/div>\n\t\t<\/section>\n\t\t\t\t<section class=\"elementor-section elementor-top-section elementor-element elementor-element-ee72768 elementor-section-boxed elementor-section-height-default elementor-section-height-default\" data-id=\"ee72768\" data-element_type=\"section\">\n\t\t\t\t\t\t<div class=\"elementor-container elementor-column-gap-default\">\n\t\t\t\t\t<div class=\"elementor-column elementor-col-100 elementor-top-column elementor-element elementor-element-ed1fbd9\" data-id=\"ed1fbd9\" data-element_type=\"column\">\n\t\t\t<div class=\"elementor-widget-wrap elementor-element-populated\">\n\t\t\t\t\t\t\t\t<div class=\"elementor-element elementor-element-ddbb59b elementor-widget elementor-widget-spacer\" data-id=\"ddbb59b\" data-element_type=\"widget\" data-widget_type=\"spacer.default\">\n\t\t\t\t<div class=\"elementor-widget-container\">\n\t\t\t\t\t<div class=\"elementor-spacer\">\n\t\t\t<div class=\"elementor-spacer-inner\"><\/div>\n\t\t<\/div>\n\t\t\t\t<\/div>\n\t\t\t\t<\/div>\n\t\t\t\t\t<\/div>\n\t\t<\/div>\n\t\t\t\t\t\t\t<\/div>\n\t\t<\/section>\n\t\t\t\t\t\t<\/div>\n\t\t\t\t\t<\/div>\n\t\t","protected":false},"excerpt":{"rendered":"<p>Condizionamento Spilt a parete, Refrigeratori, Pompe di calore Garantiamo assistenza e manutenzione per il vostro impianto Split a parete A.R.C. Service \u00e8 un centro assistenza autorizzato per numerosi climatizzatori di marchi come Riello, Emmeti, Toshiba e molti altri. L&#8217;impianto di aria condizionata ha lo scopo di migliorare la temperatura di un&#8217;abitazione e le condizioni di comfort abitativo per i suoi abitanti. Perch\u00e8 ci\u00f2 sia possibile \u00e8 fondamentale posizionare lo split nella maniera corretta ed orientarlo in modo tale che non produca un effetto fastidioso. Ogni split deve essere collegato a un canale di scolo della condensa e quindi bisogna installarlo\u2026<\/p>\n","protected":false},"author":1,"featured_media":0,"parent":0,"menu_order":0,"comment_status":"closed","ping_status":"closed","template":"","meta":{"footnotes":""},"class_list":["post-402","page","type-page","status-publish","hentry"],"blocksy_meta":"","featured_image_urls":{"full":"","thumbnail":"","medium":"","medium_large":"","large":"","1536x1536":"","2048x2048":""},"post_excerpt_stackable":"<p>Condizionamento Spilt a parete, Refrigeratori, Pompe di calore Garantiamo assistenza e manutenzione per il vostro impianto Split a parete A.R.C. Service \u00e8 un centro assistenza autorizzato per numerosi climatizzatori di marchi come Riello, Emmeti, Toshiba e molti altri. L&#8217;impianto di aria condizionata ha lo scopo di migliorare la temperatura di un&#8217;abitazione e le condizioni di comfort abitativo per i suoi abitanti.Perch\u00e8 ci\u00f2 sia possibile \u00e8 fondamentale posizionare lo split nella maniera corretta ed orientarlo in modo tale che non produca un effetto fastidioso. Ogni split deve essere collegato a un canale di scolo della condensa e quindi bisogna installarlo in&hellip;<\/p>\n","category_list":"","author_info":{"name":"admin","url":"https:\/\/arcservice.it\/index.php\/author\/admin_arcservice\/"},"comments_num":"0 comments","_links":{"self":[{"href":"https:\/\/arcservice.it\/index.php\/wp-json\/wp\/v2\/pages\/402","targetHints":{"allow":["GET"]}}],"collection":[{"href":"https:\/\/arcservice.it\/index.php\/wp-json\/wp\/v2\/pages"}],"about":[{"href":"https:\/\/arcservice.it\/index.php\/wp-json\/wp\/v2\/types\/page"}],"author":[{"embeddable":true,"href":"https:\/\/arcservice.it\/index.php\/wp-json\/wp\/v2\/users\/1"}],"replies":[{"embeddable":true,"href":"https:\/\/arcservice.it\/index.php\/wp-json\/wp\/v2\/comments?post=402"}],"version-history":[{"count":82,"href":"https:\/\/arcservice.it\/index.php\/wp-json\/wp\/v2\/pages\/402\/revisions"}],"predecessor-version":[{"id":890,"href":"https:\/\/arcservice.it\/index.php\/wp-json\/wp\/v2\/pages\/402\/revisions\/890"}],"wp:attachment":[{"href":"https:\/\/arcservice.it\/index.php\/wp-json\/wp\/v2\/media?parent=402"}],"curies":[{"name":"wp","href":"https:\/\/api.w.org\/{rel}","templated":true}]}}